le of 9?
True
Is 417754 a multiple of 24?
False
Is 202000 a multiple of 10?
True
Is 252 a factor of 346248?
True
Is 131574 a multiple of 6?
True
Does 12 divide 9456?
True
Does 4 divide 84368?
True
Is 101 a factor of 2830323?
True
Is 7 a factor of 707525?
True
Is 92 a factor of 130800?
False
Is 11145920 a multiple of 610?
True
Is 24 a factor of 6283080?
True
Is 34 a factor of 21318?
True
Is 57 a factor of 775257?
True
Is 5 a factor of 11766?
False
Is 129171 a multiple of 11?
False
Is 162042 a multiple of 7?
False
Does 40 divide 76129?
False
Does 68 divide 2567612?
True
Does 4 divide 8425?
False
Does 26 divide 529620?
True
Is 68550 a multiple of 30?
True
Does 12 divide 86844?
True
Is 1085081 a multiple of 233?
True
Is 6721839 a multiple of 171?
True
Is 299024 a multiple of 146?
False
Does 23 divide 731124?
True
Is 327 a factor of 288295?
False
Does 362 divide 44948?
False
Is 160 a factor of 325440?
True
Is 692201 a multiple of 736?
False
Is 528178 a multiple of 62?
True
Is 2223424 a multiple of 448?
True
Is 729112 a multiple of 290?
False
Is 75 a factor of 116025?
True
Is 111 a factor of 681762?
True
Is 8 a factor of 38549?
False
Does 112 divide 1163408?
False
Is 73 a factor of 125195?
True
Does 4 divide 3458?
False
Does 67 divide 495583?
False
Does 108 divide 709884?
True
Is 999440 a multiple of 124?
True
Is 206390 a multiple of 58?
False
Is 456 a factor of 628025?
False
Is 398537 a multiple of 376?
False
Does 93 divide 1097155?
False
Is 25 a factor of 2076015?
False
Is 14 a factor of 1297296?
True
Is 862649 a multiple of 168?
False
Is 2840901 a multiple of 1038?
False
Is 680659 a multiple of 507?
False
Is 6528028 a multiple of 52?
True
Does 14 divide 12327?
False
Is 105 a factor of 1554415?
False
Does 23 divide 1593688?
False
Is 98 a factor of 307720?
True
Does 103 divide 1377290?
False
Is 32096290 a multiple of 2224?
False
Is 56 a factor of 1161905?
False
Does 28 divide 2613606?
False
Does 27 divide 143012?
False
Does 166 divide 70052?
True
Is 36166 a multiple of 3?
False
Is 268600 a multiple of 158?
True
Is 14 a factor of 12838?
True
Is 28 a factor of 17578?
False
Is 97 a factor of 267290?
False
Is 6 a factor of 20300?
False
Does 16 divide 17361530?
False
Is 955579 a multiple of 397?
True
Is 15 a factor of 8308410?
True
Does 393 divide 3620316?
True
Is 34 a factor of 80410?
True
Does 13 divide 154294?
False
Is 105060 a multiple of 309?
True
Does 11 divide 228852?
False
Is 16 a factor of 28029?
False
Does 139 divide 397239?
False
Is 19743745 a multiple of 3129?
False
Is 6595962 a multiple of 282?
False
Is 32 a factor of 450870?
False
Is 4198842 a multiple of 273?
False
Is 1091360 a multiple of 190?
True
Is 10 a factor of 31490?
True
Is 72 a factor of 1134549?
False
Does 892 divide 742144?
True
Is 5252328 a multiple of 101?
False
Is 130168 a multiple of 44?
False
Does 12 divide 181980?
True
Is 9 a factor of 30637?
False
Does 5 divide 7794?
False
Does 520 divide 263120?
True
Is 94 a factor of 8029214?
False
Does 22 divide 383680?
True
Is 33420 a multiple of 7?
False
Is 54102 even?
True
Is 490 a factor of 1072610?
True
Is 56 a factor of 512601?
False
Does 597 divide 1094480?
False
Does 47 divide 11909?
False
Is 26843616 a multiple of 804?
False
Is 30683 a multiple of 163?
False
Is 27 a factor of 1271733?
False
Is 59527 a multiple of 4?
False
Is 64 a factor of 1423232?
True
Does 13 divide 298415?
True
Is 5304447 a multiple of 648?
False
Does 14 divide 22584926?
True
Is 304 a factor of 1185600?
True
Is 266703 a multiple of 21?
False
Does 9 divide 1410914?
False
Is 14 a factor of 1357224?
False
Is 1661497 a multiple of 29?
True
Is 47 a factor of 197447?
True
Is 3909217 a multiple of 83?
True
Does 8 divide 24536?
True
Is 190700 a multiple of 4?
True
Is 84 a factor of 2481948?
True
Is 33 a factor of 795003?
True
Is 82 a factor of 611275?
False
Is 122421 a multiple of 43?
True
Is 276 a factor of 21122832?
True
Is 23 a factor of 2772627?
True
Is 4 a factor of 98751?
False
Is 805410 a multiple of 10?
True
Is 10917799 a multiple of 274?
False
Does 76 divide 1975924?
True
Is 408 a factor of 434112?
True
Is 1039980 a multiple of 471?
False
Is 50 a factor of 61850?
True
Is 1388491 a multiple of 13?
True
Is 16 a factor of 11133?
False
Is 895837 a multiple of 966?
False
Is 15139 a multiple of 210?
False
Is 111219 a multiple of 171?
False
Is 93 a factor of 538935?
True
Is 175615 a multiple of 341?
True
Is 10 a factor of 181920?
True
Does 27 divide 102915?
False
Does 45 divide 9701?
False
Does 30 divide 287400?
True
Is 16 a factor of 1204645?
False
Does 13 divide 164047?
True
Does 96 divide 2955072?
True
Is 54467 a multiple of 31?
True
Is 1258534 a multiple of 214?
True
Does 205 divide 537564?
False
Does 171 divide 16714?
False
Is 21 a factor of 3767866?
False
Is 616 a factor of 877467?
False
Does 16 divide 6655632?
True
Is 16 a factor of 76086?
False
Is 1468 a factor of 36196476?
True
Is 4513314 a multiple of 3?
True
Is 3 a factor of 141498?
True
Does 813 divide 1159338?
True
Is 17 a factor of 28372?
False
Is 4286544 a multiple of 8?
True
Is 354261 a multiple of 16?
False
Is 1499850 a multiple of 33?
True
Is 7590832 a multiple of 186?
False
Is 190 a factor of 383518?
False
Does 379 divide 2640493?
True
Is 60 a factor of 254640?
True
Is 27 a factor of 867549?
False
Does 92 divide 1544864?
True
Does 13 divide 27456?
True
Is 4 a factor of 370340?
True
Does 38 divide 1965659?
False
Is 2280825 a multiple of 279?
True
Is 193 a factor of 2149314?
False
Does 72 divide 221212?
False
Is 8441838 a multiple of 118?
True
Is 50730 a multiple of 534?
True
Does 84 divide 5136516?
True
Is 512693 a multiple of 21?
False
Does 4 divide 1850669?
False
Does 41 divide 6358608?
True
Is 28 a factor of 10972837?
False
Does 171 divide 1398780?
True
Does 22 divide 31938?
False
Is 266 a factor of 553730?
False
Is 3399825 a multiple of 325?
True
Does 23 divide 47702?
True
Is 273 a factor of 2102237?
False
Does 9 divide 2902518?
True
Is 8 a factor of 1090432?
True
Is 104 a factor of 155106?
False
Does 4 divide 412620?
True
Is 412 a factor of 493576?
True
Is 571 a factor of 6367742?
False
Is 304291 a multiple of 17?
False
Is 12 a factor of 905179?
False
Is 40 a factor of 101719?
False
Does 14 divide 766009?
False
Does 244 divide 1874652?
True
Is 17 a factor of 17221?
True
Is 2546460 a multiple of 39?
False
Is 1297025 a multiple of 25?
True
Is 1038 a factor of 1811087?
False
Is 424122 a multiple of 341?
False
Is 289 a factor of 126293?
True
Does 189 divide 693104?
False
Is 121 a factor of 211429?
False
Is 44800 a multiple of 25?
True
Does 32 divide 95745?
False
Is 42 a factor of 108138?
False
Is 3567676 a multiple of 188?
True
Is 5 a factor of 40180?
True
Is 1304331 a multiple of 19?
True
Is 15 a factor of 16830?
True
Is 37 a factor of 11642383?
True
Is 54 a factor of 1700892?
True
Is 143478 a multiple of 102?
False
Is 40 a factor of 148742?
False
Is 726 a factor of 5704234?
False
Is 637289 a multiple of 251?
True
Does 37 divide 580123?
True
Is 3 a factor of 24795?
True
Does 847 divide 16783468?
False
Does 282 divide 118440?
True
Is 24362 a multiple of 6?
False
Is 6 a factor of 727377?
False
Is 228 a factor of 81624?
True
Is 309087 a multiple of 13?
False
Is 12 a factor of 2868708?
True
Is 4383519 a multiple of 21?
True
Does 74 divide 302512?
True
Is 24 a factor of 72672?
True
Is 42 a factor of 200088?
True
Does 91 divide 318409?
True
Is 47 a factor of 13228855?
True
Is 10 a factor of 4891532?
False
Does 13 divide 512278?
True
Is 25 a factor of 3724667?
False
Does 143 divide 499928?
True
Is 5996 a multiple of 6?
False
Is 394365 a multiple of 210?
False
Is 11 a factor of 3184104?
True
Is 214 a factor of 1177428?
True
Is 3754584 a multiple of 36?
True
Is 123602 a multiple of 108?
False
Is 13 a factor of 179497?
False
Does 66 divide 316753?
False
Does 26 divide 1212860?
False
Is 924935 a multiple of 737?
True
Is 170 a factor of 2743209?
False
Is 539 a factor of 1927464?
True
Is 33594 a multiple of 25?
False
Is 56050 a multiple of 7?
False
Is 65127 a multiple of 25?
False
Is 418 a factor of 1778472?
False
Is 807542 a multiple of 59?
False
Is 107 a factor of 11207951?
False
Is 8857017 a multiple of 73?
True
Is 188 a factor of 321512?
False
Does 494 divide 1869009?
False
Is 499344 a multiple o